ltiple of 14?
True
Is 7806 a multiple of 80?
False
Is 266 a multiple of 7?
True
Is 35 a factor of 4794?
False
Is 8080 a multiple of 16?
True
Does 7 divide 385?
True
Is 55 a factor of 1829?
False
Does 21 divide 1363?
False
Is 39 a factor of 11927?
False
Does 15 divide 2355?
True
Is 172 a factor of 14276?
True
Is 34258 a multiple of 9?
False
Does 15 divide 120?
True
Is 2340 a multiple of 39?
True
Is 91 a factor of 28005?
False
Does 26 divide 10010?
True
Does 16 divide 22672?
True
Is 15 a factor of 28995?
True
Does 10 divide 10990?
True
Is 7683 a multiple of 39?
True
Is 3 a factor of 7?
False
Does 13 divide 5660?
False
Does 76 divide 3097?
False
Is 13 a factor of 155?
False
Is 14152 a multiple of 14?
False
Does 31 divide 78244?
True
Does 12 divide 22776?
True
Does 19 divide 2465?
False
Is 50 a factor of 5850?
True
Does 113 divide 8475?
True
Does 24 divide 25092?
False
Does 6 divide 2328?
True
Is 15 a factor of 217?
False
Is 15 a factor of 1468?
False
Is 9 a factor of 12758?
False
Does 87 divide 451?
False
Is 23 a factor of 2323?
True
Does 45 divide 75735?
True
Is 14 a factor of 43008?
True
Does 6 divide 110?
False
Is 52 a factor of 1212?
False
Does 11 divide 968?
True
Is 41 a factor of 6862?
False
Is 2 a factor of 169?
False
Is 36 a factor of 4029?
False
Is 63 a factor of 27595?
False
Is 11 a factor of 8580?
True
Is 45 a multiple of 4?
False
Is 2639 a multiple of 7?
True
Is 26 a factor of 3900?
True
Is 7 a factor of 76?
False
Does 58 divide 8236?
True
Is 3869 a multiple of 3?
False
Is 1361 a multiple of 25?
False
Is 57050 a multiple of 14?
True
Is 1824 a multiple of 24?
True
Does 73 divide 825?
False
Is 41 a factor of 19176?
False
Is 121 a factor of 2305?
False
Does 101 divide 12423?
True
Is 75089 a multiple of 85?
False
Is 8 a factor of 148?
False
Is 19 a factor of 19?
True
Is 177 a multiple of 11?
False
Is 8328 a multiple of 12?
True
Does 24 divide 12048?
True
Is 110 a multiple of 23?
False
Is 300 a multiple of 6?
True
Is 46 a multiple of 5?
False
Is 478 a multiple of 20?
False
Is 9 a factor of 3411?
True
Is 7416 a multiple of 8?
True
Is 16933 a multiple of 59?
True
Is 20657 a multiple of 13?
True
Is 4410 a multiple of 18?
True
Is 2295 a multiple of 27?
True
Is 255 a factor of 12348?
False
Is 4932 a multiple of 12?
True
Does 11 divide 681?
False
Is 6323 a multiple of 216?
False
Does 7 divide 24199?
True
Is 3116 a multiple of 19?
True
Is 2242 a multiple of 2?
True
Is 18769 a multiple of 80?
False
Does 17 divide 1041?
False
Does 3 divide 2628?
True
Is 53 a factor of 10335?
True
Does 8 divide 2504?
True
Is 3984 a multiple of 12?
True
Does 30 divide 660?
True
Is 108 a multiple of 3?
True
Does 15 divide 960?
True
Is 689 a multiple of 13?
True
Is 443 a multiple of 26?
False
Is 7815 a multiple of 58?
False
Is 48 a factor of 1430?
False
Is 11 a factor of 186?
False
Is 18288 a multiple of 24?
True
Is 18 a factor of 6210?
True
Does 17 divide 192?
False
Is 87 a multiple of 7?
False
Does 6 divide 4465?
False
Is 11926 a multiple of 134?
True
Is 91 a factor of 16289?
True
Is 112 a factor of 4032?
True
Is 5 a factor of 4585?
True
Is 1248 a multiple of 16?
True
Does 26 divide 832?
True
Is 15512 a multiple of 28?
True
Is 34 a factor of 68986?
True
Is 30 a factor of 118153?
False
Is 8 a factor of 67331?
False
Does 309 divide 52591?
False
Is 2758 a multiple of 21?
False
Does 24 divide 144?
True
Is 40 a factor of 18017?
False
Is 15 a factor of 241?
False
Is 20 a factor of 540?
True
Is 609 a multiple of 21?
True
Is 2083 a multiple of 9?
False
Does 31 divide 638?
False
Does 35 divide 53454?
False
Is 1622 a multiple of 14?
False
Is 239 a factor of 24378?
True
Is 12528 a multiple of 116?
True
Is 4194 a multiple of 9?
True
Is 14664 a multiple of 12?
True
Is 2 a factor of 82?
True
Does 16 divide 423?
False
Is 75377 a multiple of 7?
False
Is 4875 a multiple of 39?
True
Does 75 divide 22875?
True
Is 72 a factor of 38880?
True
Is 1584 a multiple of 72?
True
Does 12 divide 35100?
True
Is 3 a factor of 42?
True
Is 156 a factor of 16068?
True
Does 77 divide 2084?
False
Does 13 divide 2720?
False
Does 15 divide 918?
False
Is 9609 a multiple of 19?
False
Is 432 a multiple of 13?
False
Is 210 a multiple of 4?
False
Is 19696 a multiple of 10?
False
Is 24 a factor of 513?
False
Does 20 divide 140?
True
Is 7125 a multiple of 25?
True
Is 38 a multiple of 2?
True
Is 7941 a multiple of 58?
False
Is 7 a factor of 947?
False
Does 14 divide 7141?
False
Is 17639 a multiple of 31?
True
Is 16 a factor of 684?
False
Is 2010 a multiple of 67?
True
Does 85 divide 12601?
False
Is 45 a factor of 3052?
False
Does 19 divide 1216?
True
Is 940 a multiple of 20?
True
Is 11 a factor of 298?
False
Is 15546 a multiple of 33?
False
Does 34 divide 724?
False
Is 22 a factor of 6866?
False
Is 22 a factor of 316?
False
Is 14430 a multiple of 40?
False
Is 18074 a multiple of 78?
False
Is 33 a factor of 1254?
True
Does 12 divide 50621?
False
Does 8 divide 140?
False
Does 30 divide 2310?
True
Is 184 a multiple of 8?
True
Is 13 a factor of 2080?
True
Is 84 a multiple of 4?
True
Does 40 divide 754?
False
Is 2090 a multiple of 110?
True
Is 5224 a multiple of 161?
False
Is 186 a factor of 17366?
False
Is 62 a factor of 26168?
False
Is 4340 a multiple of 10?
True
Is 5 a factor of 53121?
False
Is 6531 a multiple of 35?
False
Is 648 a multiple of 12?
True
Is 112 a factor of 10416?
True
Is 10 a factor of 10110?
True
Does 156 divide 7699?
False
Does 16 divide 799?
False
Is 330 a multiple of 15?
True
Is 569 a multiple of 6?
False
Does 403 divide 37001?
False
Is 35 a factor of 10115?
True
Does 67 divide 1124?
False
Is 152774 a multiple of 349?
False
Does 32 divide 103786?
False
Is 6 a factor of 2064?
True
Is 198 a factor of 45144?
True
Does 8 divide 192?
True
Is 2720 a multiple of 68?
True
Is 143 a factor of 40789?
False
Does 13 divide 61858?
False
Is 47 a factor of 2397?
True
Is 4310 a multiple of 10?
True
Is 444 a multiple of 22?
False
Is 64 a factor of 1856?
True
Is 87 a factor of 1084?
False
Is 67 a factor of 1407?
True
Is 15660 a multiple of 6?
True
Is 3 a factor of 30?
True
Is 15 a factor of 1560?
True
Is 600 a multiple of 6?
True
Is 1120 a multiple of 20?
True
Is 25 a factor of 2175?
True
Does 3 divide 4623?
True
Is 87 a factor of 1645?
False
Is 990 a multiple of 18?
True
Is 107807 a multiple of 7?
True
Is 6691 a multiple of 169?
False
Is 15 a factor of 863?
False
Does 13 divide 7124?
True
Is 14 a factor of 7661?
False
Is 1010 a multiple of 101?
True
Is 39 a factor of 128349?
True
Is 679 a multiple of 7?
True
Does 52 divide 2288?
True
Is 71380 a multiple of 215?
True
Does 3 divide 3170?
False
Does 54 divide 26460?
True
Is 615 a multiple of 5?
True
Does 25 divide 2370?
False
Does 26 divide 1461?
False
Is 88 a factor of 41184?
True
Is 1218 a multiple of 2?
True
Does 7 divide 2981?
False
Does 214 divide 4922?
True
Does 100 divide 62300?
True
Does 73 divide 5621?
True
Does 8 divide 474?
False
Is 13 a factor of 36784?
False
Is 73561 a multiple of 133?
False
Is 651 a multiple of 62?
False
Is 4 a factor of 3655?
False
Is 107 a multiple of 5?
False
Is 14329 a multiple of 89?
True
Does 16 divide 2432?
True
Is 19 a factor of 516?
False
Is 5 a factor of 34074?
False
Is 6769 a multiple of 7?
True
Is 11 a factor of 28605?
False
Does 30 divide 5130?
True
Does 101 divide 2929?
True
Does 77 divide 1251?
False
Is 118 a multiple of 8?
False
Is 2173 a multiple of 10?
False
Is 6 a factor of 546?
True
Does 43 divide 115041?
False
Does 9 divide 3717?
True
Is 68 a factor of 7969?
False
Is 2617 a multiple of 17?
False
Is 15 a factor of 540?
True
Does 17 divide 347?
False
Is 6 a factor of 294?
True
Does 5 divide 235?
True
Is 24 a factor of 2064?
True
Does 15 divide 2970?
True
Is 334 a multiple of 31?
False
Does 11 divide 9218?
True
Is 11 a factor of 5338?
False
Is 10 a factor of 6861?
False
Does 26 divide 1211?
False
Is 84 a factor of 1083?
False
Is 31963 a multiple of 10?
False
Does 17 divide 14144?
True
Is 6214 a multiple of 29?
False
Is 1322 a multiple of 12?
False
Is 50200 a multiple of 20?
True
Is 7 a factor of 65940?
True
Does 12 divide 15731?
False
Does 89 divide 25543?
True
Is 7 a factor of 2751?
True
Is 102826 a multiple of 37?
False
Is 510 a multiple of 6?
True
Is 20 a factor of 680?
True
Is 2572 a multiple of 13?
False
Is 3